{"id":25,"date":"2016-01-20T20:34:21","date_gmt":"2016-01-20T19:34:21","guid":{"rendered":"http:\/\/tcnidda.de\/?page_id=25"},"modified":"2021-11-01T21:31:29","modified_gmt":"2021-11-01T20:31:29","slug":"startseite","status":"publish","type":"page","link":"https:\/\/www.tcnidda.de\/","title":{"rendered":""},"content":{"rendered":"<h1 style=\"text-align: center;\">Herzlich Willkommen<\/h1>\n<hr \/>\n<p style=\"text-align: center;\"><a href=\"http:\/\/htv.liga.nu\/cgi-bin\/WebObjects\/nuLigaTENDE.woa\/wa\/clubInfoDisplay?club=25250\" target=\"_blank\" rel=\"noopener noreferrer\">Hessischer Tennis-Verband (NULIGA)<\/a><br \/>\nPlatzreservierungssystem: <a href=\"https:\/\/reservierung.tcnidda.de\" target=\"_blank\" rel=\"noopener noreferrer\">reservierung.tcnidda.de<\/a><\/p>\n<hr \/>\n<p style=\"text-align: center;\"><img loading=\"lazy\" decoding=\"async\" class=\"aligncenter size-medium wp-image-499\" src=\"\/wp-content\/uploads\/2017\/01\/Wappen_transparent-253x300.png\" alt=\"\" width=\"253\" height=\"300\" srcset=\"https:\/\/www.tcnidda.de\/wp-content\/uploads\/2017\/01\/Wappen_transparent-253x300.png 253w, https:\/\/www.tcnidda.de\/wp-content\/uploads\/2017\/01\/Wappen_transparent.png 392w\" sizes=\"auto, (max-width: 253px) 100vw, 253px\" \/><\/p>\n<hr \/>\n<p style=\"text-align: center;\">Liebe Tennisfreunde, herzlich willkommen auf der Homepage unseres Tennisclubs. Sie soll ein informativer Wegweiser f\u00fcr alle Belange unseres Clubs sein. Nat\u00fcrlich sind wir immer f\u00fcr weitere Anregungen und Beitr\u00e4ge dankbar!<br \/>\nWir w\u00fcnschen all unseren Mitgliedern eine gute Saison, den Medenspielern viel Erfolg und uns allen viele gem\u00fctliche Stunden\u00a0 in unserem \u00a0Clubheim und auf unserer wundersch\u00f6nen Platzanlage im Kurpark.<\/p>\n<p><a href=\"https:\/\/www.tcnidda.de\/?p=1466\"><img loading=\"lazy\" decoding=\"async\" class=\"aligncenter wp-image-1465 size-full\" src=\"https:\/\/www.tcnidda.de\/wp-content\/uploads\/2021\/09\/50JahreTCnidda.png\" alt=\"\" width=\"684\" height=\"207\" srcset=\"https:\/\/www.tcnidda.de\/wp-content\/uploads\/2021\/09\/50JahreTCnidda.png 684w, https:\/\/www.tcnidda.de\/wp-content\/uploads\/2021\/09\/50JahreTCnidda-300x91.png 300w\" sizes=\"auto, (max-width: 684px) 100vw, 684px\" \/><\/a><\/p>\n<hr \/>\n<h5 style=\"text-align: center;\">\u00a0Unsere Sponsoren<\/h5>\n<p><a href=\"https:\/\/www.linak.de\" target=\"_blank\" rel=\"noopener noreferrer\"><img loading=\"lazy\" decoding=\"async\" class=\"wp-image-145 size-full aligncenter\" src=\"https:\/\/tcnidda.de\/wp-content\/uploads\/2016\/03\/Logo_LINAK.jpg\" alt=\"LINAK\" width=\"172\" height=\"56\" \/><\/a><\/p>\n<table style=\"width: 100%;\">\n<tbody>\n<tr>\n<td style=\"width: 38.5431%; vertical-align: top;\"><iframe src=\"https:\/\/mybigpoint.tennis.de\/services\/?action=lkracenv&amp;verband=HTV&amp;cnt=10&amp;verein=04212\" height=\"600\" frameborder=\"0\" scrolling=\"no\"><span data-mce-type=\"bookmark\" style=\"display: inline-block; width: 0px; overflow: hidden; line-height: 0;\" class=\"mce_SELRES_start\">\ufeff<\/span><\/iframe><\/td>\n<td style=\"width: 41.4569%; vertical-align: top; text-align: center;\"><a href=\"https:\/\/medicum-nidda.de\/\" target=\"_blank\" rel=\"noopener noreferrer\"><img loading=\"lazy\" decoding=\"async\" class=\"aligncenter wp-image-1240 size-full\" src=\"https:\/\/www.tcnidda.de\/wp-content\/uploads\/2020\/07\/MedicumNidda_Logo-e1594097525726.png\" alt=\"\" width=\"149\" height=\"39\" \/><\/a><a href=\"https:\/\/hautnah-nidda.de\/\" target=\"_blank\" rel=\"noopener noreferrer\"><img loading=\"lazy\" decoding=\"async\" class=\"aligncenter wp-image-1238 size-full\" src=\"https:\/\/www.tcnidda.de\/wp-content\/uploads\/2020\/07\/hautnah_logo2017-300x137-1-e1594097414910.png\" alt=\"\" width=\"150\" height=\"69\" \/><\/a><a href=\"https:\/\/viosson.business.site\/\" target=\"_blank\" rel=\"noopener noreferrer\"><img loading=\"lazy\" decoding=\"async\" class=\"aligncenter wp-image-1245\" style=\"color: #333333;\" src=\"https:\/\/www.tcnidda.de\/wp-content\/uploads\/2020\/07\/VIOSSON_BIKES.png\" alt=\"\" width=\"152\" height=\"36\" \/><\/a><a href=\"https:\/\/www.allfinanz.ag\/Michael.Eifert\/index.html\" target=\"_blank\" rel=\"noopener noreferrer\"><img loading=\"lazy\" decoding=\"async\" class=\"aligncenter wp-image-1239 size-medium\" src=\"https:\/\/www.tcnidda.de\/wp-content\/uploads\/2020\/07\/DVB_Eifert-300x83.png\" alt=\"\" width=\"300\" height=\"83\" \/><\/a> <a href=\"http:\/\/www.konrad-steuerberaterin.de\/\" target=\"_blank\" rel=\"noopener noreferrer\"><img loading=\"lazy\" decoding=\"async\" class=\"wp-image-149 size-full aligncenter\" src=\"https:\/\/www.tcnidda.de\/wp-content\/uploads\/2016\/01\/Logo_Konrad-e1594097731872.jpg\" alt=\"Logo_Konrad\" width=\"149\" height=\"97\" \/><\/a><a href=\"https:\/\/www.lugrain.de\" target=\"_blank\" rel=\"noopener noreferrer\"><img loading=\"lazy\" decoding=\"async\" class=\"size-full wp-image-1253 aligncenter\" src=\"https:\/\/www.tcnidda.de\/wp-content\/uploads\/2020\/07\/Logo-Lugrain.png\" alt=\"\" width=\"205\" height=\"80\" \/><\/a><a href=\"http:\/\/www.vrbank-mkb.de\" target=\"_blank\" rel=\"noopener noreferrer\"><img loading=\"lazy\" decoding=\"async\" class=\"wp-image-147 size-full aligncenter\" src=\"https:\/\/www.tcnidda.de\/wp-content\/uploads\/2016\/01\/Logo_VRbank-e1594097708708.jpg\" alt=\"Logo_VRbank\" width=\"150\" height=\"124\" \/><\/a><a href=\"http:\/\/www.sparkasse-oberhessen.de\" target=\"_blank\" rel=\"noopener noreferrer\"><img loading=\"lazy\" decoding=\"async\" class=\"wp-image-146 size-full aligncenter\" src=\"https:\/\/www.tcnidda.de\/wp-content\/uploads\/2016\/01\/Logo_Spk-e1594097749920.jpg\" alt=\"Logo_Spk\" width=\"134\" height=\"150\" \/><\/a><a href=\"https:\/\/www.dr-knirr.de\/\" target=\"_blank\" rel=\"noopener noreferrer\"><img loading=\"lazy\" decoding=\"async\" class=\"aligncenter wp-image-1424 size-medium\" src=\"https:\/\/www.tcnidda.de\/wp-content\/uploads\/2021\/06\/Knirr-300x107.jpg\" alt=\"\" width=\"300\" height=\"107\" srcset=\"https:\/\/www.tcnidda.de\/wp-content\/uploads\/2021\/06\/Knirr-300x107.jpg 300w, https:\/\/www.tcnidda.de\/wp-content\/uploads\/2021\/06\/Knirr.jpg 567w\" sizes=\"auto, (max-width: 300px) 100vw, 300px\" \/><\/a><\/td>\n<td style=\"width: 20%; vertical-align: top;\">\n<div style=\"width: 180px; height: 345px; overflow: hidden;\">\n<p><!-- BEGIN ADITIONSSLTAG Website-Tag --><\/p>\n<p><script type=\"text\/javascript\" src=\"https:\/\/imagesrv.adition.com\/js\/adition.js\"><\/script><\/p>\n<p><script type=\"text\/javascript\" src=\"https:\/\/adfarm1.adition.com\/js?wp_id=3834796&#038;prf[shpid]=1&#038;prf[lang]=de&#038;prf[shpurl]=www.tennis-point.de&#038;prf[title]=Tageskracher&#038;prf[refID]=*TC_1971_Nidda&#038;prf[coopID]=vereine&#038;prf[track]=de\"><\/script><\/p>\n<p><!-- END ADITIONSSLTAG--><\/p>\n<\/div>\n<\/td>\n<\/tr>\n<\/tbody>\n<\/table>\n","protected":false},"excerpt":{"rendered":"<p>Herzlich Willkommen Hessischer Tennis-Verband (NULIGA) Platzreservierungssystem: reservierung.tcnidda.de Liebe Tennisfreunde, herzlich willkommen auf der Homepage unseres Tennisclubs. Sie soll ein informativer Wegweiser f\u00fcr alle Belange unseres Clubs sein. Nat\u00fcrlich sind wir immer f\u00fcr weitere Anregungen und Beitr\u00e4ge dankbar! Wir w\u00fcnschen all unseren Mitgliedern eine gute Saison, den Medenspielern viel Erfolg und uns allen viele gem\u00fctliche Stunden\u00a0 in unserem \u00a0Clubheim und auf unserer wundersch\u00f6nen Platzanlage im Kurpark. \u00a0Unsere Sponsoren \ufeff<\/p>\n","protected":false},"author":1,"featured_media":0,"parent":0,"menu_order":0,"comment_status":"closed","ping_status":"closed","template":"","meta":{"_mc_calendar":[],"footnotes":""},"class_list":["post-25","page","type-page","status-publish","hentry"],"_links":{"self":[{"href":"https:\/\/www.tcnidda.de\/index.php?rest_route=\/wp\/v2\/pages\/25","targetHints":{"allow":["GET"]}}],"collection":[{"href":"https:\/\/www.tcnidda.de\/index.php?rest_route=\/wp\/v2\/pages"}],"about":[{"href":"https:\/\/www.tcnidda.de\/index.php?rest_route=\/wp\/v2\/types\/page"}],"author":[{"embeddable":true,"href":"https:\/\/www.tcnidda.de\/index.php?rest_route=\/wp\/v2\/users\/1"}],"replies":[{"embeddable":true,"href":"https:\/\/www.tcnidda.de\/index.php?rest_route=%2Fwp%2Fv2%2Fcomments&post=25"}],"version-history":[{"count":147,"href":"https:\/\/www.tcnidda.de\/index.php?rest_route=\/wp\/v2\/pages\/25\/revisions"}],"predecessor-version":[{"id":1555,"href":"https:\/\/www.tcnidda.de\/index.php?rest_route=\/wp\/v2\/pages\/25\/revisions\/1555"}],"wp:attachment":[{"href":"https:\/\/www.tcnidda.de\/index.php?rest_route=%2Fwp%2Fv2%2Fmedia&parent=25"}],"curies":[{"name":"wp","href":"https:\/\/api.w.org\/{rel}","templated":true}]}}